{"id":8275,"date":"2019-07-08T08:01:36","date_gmt":"2019-07-08T08:01:36","guid":{"rendered":"https:\/\/212.62.35.130\/kammsite\/?post_type=product&#038;p=8275"},"modified":"2020-07-10T08:15:44","modified_gmt":"2020-07-10T08:15:44","slug":"led-panel-12w-lpnoa1","status":"publish","type":"product","link":"https:\/\/kamm.rs\/?product=led-panel-12w-lpnoa1","title":{"rendered":"LED panel 12W LPNOA1"},"content":{"rendered":"<table class=\" table table-hover table table-hover table table-hover table table-hover table table-hover\">\n<tbody>\n<tr>\n<td><strong>Proizvo\u0111a\u010d<\/strong><\/td>\n<td>Spectra<\/td>\n<\/tr>\n<tr>\n<td><strong>Snaga<\/strong><\/td>\n<td>12W<\/td>\n<\/tr>\n<tr>\n<td><strong>Ja\u010dina svetlosti<\/strong><\/td>\n<td>4200K<\/td>\n<\/tr>\n<tr>\n<td><strong>Dimenzija<\/strong><\/td>\n<td>170&#215;35<\/td>\n<\/tr>\n<\/tbody>\n<\/table>\n","protected":false},"excerpt":{"rendered":"<p>Proizvo\u0111a\u010d Spectra Snaga 12W Ja\u010dina svetlosti 4200K Dimenzija 170&#215;35<\/p>\n","protected":false},"featured_media":8276,"template":"","meta":[],"_links":{"self":[{"href":"https:\/\/kamm.rs\/index.php?rest_route=\/wp\/v2\/product\/8275"}],"collection":[{"href":"https:\/\/kamm.rs\/index.php?rest_route=\/wp\/v2\/product"}],"about":[{"href":"https:\/\/kamm.rs\/index.php?rest_route=\/wp\/v2\/types\/product"}],"wp:featuredmedia":[{"embeddable":true,"href":"https:\/\/kamm.rs\/index.php?rest_route=\/wp\/v2\/media\/8276"}],"wp:attachment":[{"href":"https:\/\/kamm.rs\/index.php?rest_route=%2Fwp%2Fv2%2Fmedia&parent=8275"}],"curies":[{"name":"wp","href":"https:\/\/api.w.org\/{rel}","templated":true}]}}