{"id":9441,"date":"2020-09-08T11:45:14","date_gmt":"2020-09-08T11:45:14","guid":{"rendered":"https:\/\/192.168.1.10\/kammsite\/?post_type=product&#038;p=9441"},"modified":"2023-08-02T13:23:25","modified_gmt":"2023-08-02T13:23:25","slug":"slusalice-xiaomi-mi-basic-m","status":"publish","type":"product","link":"https:\/\/kamm.rs\/?product=slusalice-xiaomi-mi-basic-m","title":{"rendered":"Slu\u0161alice XIAOMI Mi Basic S"},"content":{"rendered":"<table class=\" table table-hover table table-hover table table-hover table table-hover table table-hover\">\n<tbody>\n<tr>\n<td><strong>Tip<\/strong><\/td>\n<td>Be\u017ei\u010dne slu\u0161alice sa mikrofonom<\/td>\n<\/tr>\n<tr>\n<td><strong>Oblik slu\u0161alice<\/strong><\/td>\n<td>Bubica<\/td>\n<\/tr>\n<tr>\n<td><strong>Povezivanje<\/strong><\/td>\n<td>Bluetooth<\/td>\n<\/tr>\n<tr>\n<td><strong>Domet<\/strong><\/td>\n<td>10 m<\/td>\n<\/tr>\n<\/tbody>\n<\/table>\n","protected":false},"excerpt":{"rendered":"<p>Tip Be\u017ei\u010dne slu\u0161alice sa mikrofonom Oblik slu\u0161alice Bubica Povezivanje Bluetooth Domet 10 m<\/p>\n","protected":false},"featured_media":9442,"template":"","meta":[],"_links":{"self":[{"href":"https:\/\/kamm.rs\/index.php?rest_route=\/wp\/v2\/product\/9441"}],"collection":[{"href":"https:\/\/kamm.rs\/index.php?rest_route=\/wp\/v2\/product"}],"about":[{"href":"https:\/\/kamm.rs\/index.php?rest_route=\/wp\/v2\/types\/product"}],"wp:featuredmedia":[{"embeddable":true,"href":"https:\/\/kamm.rs\/index.php?rest_route=\/wp\/v2\/media\/9442"}],"wp:attachment":[{"href":"https:\/\/kamm.rs\/index.php?rest_route=%2Fwp%2Fv2%2Fmedia&parent=9441"}],"curies":[{"name":"wp","href":"https:\/\/api.w.org\/{rel}","templated":true}]}}